6 + -43)?
-8
What is the value of -50 - (91 - 41) - -177?
77
Calculate -148 + (-117 + 62 - -83) - (-19 + 1).
-102
-2 - -9 - -7 - (-218 - -269)
-37
Calculate (-102 + 117 - (-3 - -4 - -7)) + 0 + -43.
-36
Evaluate -30 + -8 + (85 + -30 - 1).
16
What is the value of (-134 - -47) + 23 + -6 - -1?
-69
Evaluate 73 + 73 + -152 + 0 + (-4 - 122).
-132
What is -6 + (-24 - ((12 - -1) + -25)) + 15?
-3
What is the value of (-2 - 4 - (-17 - -10)) + (-68 - -7) - -7?
-53
What is (32 - (-1 - -38)) + 19 + 63?
77
What is the value of (-72 - -32) + -5 - -45?
0
(84 - (2 - -85)) + (1 - (-3 + 4 - 24))
21
(-30 + 5 + (15 - 19) - -15) + -54
-68
3 + (-3322 - -3301) + (1 - (50 - 1))
-66
What is 0 + 5 - (-61 + 2 + (-35 + 10 - -52))?
37
Evaluate -13 + (90 - 0 - (-35 + 56 + -5)).
61
What is -83 + 42 + 45 + 24?
28
-98 + -23 + -14 + 17 + 21
-97
Evaluate 253 + -244 - (-5 + 60).
-46
Calculate -20 + -31 + 0 + (3001 - 2873).
77
Evaluate -62 - (44 - 40) - -19.
-47
What is -3 + 1 + (0 - 7) + (-202 - -207)?
-4
What is the value of -2 - -105 - ((-27 - -10) + 9 + 44 + -38)?
105
Calculate (-16 - -1) + (4 - -5 - (105 - 104)) - 139.
-146
Evaluate (-269 - -340) + (-132 - 5).
-66
5 - (36 - 74) - (3 + 0 + -3)
43
Calculate 57 + -17 + -12 + 12 + (6 - -20).
66
Calculate (4 - -59) + (22 - (18 + 20) - -26).
73
What is (-13 - ((-42 - -12) + -7)) + 8?
32
What is -1 - (-20 - (23 + -66)) - (-1 - 3)?
-20
What is (-2708 - -2668) + (53 - -1) - (-1 + -23)?
38
What is the value of 25 + 3 + 4 + -4 + (-55 - -49) + 11?
33
-25 - (5 - (0 + 14 + 4)) - -21
9
What is (-168 - 56) + 208 - (46 + 1)?
-63
Evaluate -68 - 33 - (14 + -70 - -37).
-82
(90 - (121 - 3)) + 0 + 6 - (1 - -1)
-24
What is the value of -1146 + (1242 - 62) + (15 + 0 - (-1 + 1))?
49
(128 - 6 - 3 - (39 - (2 - -21))) + -12
91
What is the value of 21 + -14 + 13 + -14 + 27 + -7?
26
Calculate (1215 - 1226) + (0 - (1 - 3 - -9)) + -13.
-31
Calculate (-16 + -90 - -147) + 31.
72
What is 88 + -236 + 108 + 21 + 2?
-17
What is 1 + -69 + (-41 + 135 - 86) + 13?
-47
-5 + 5 + (7 - 5) + 5 + -10 - -34
31
Evaluate -150 + 200 - ((-4 - -1) + (8 - -1)).
44
-139 - (-66 + (-72 - -84))
-85
Evaluate -10 - (-26 - (9 + 2 + 3 - 10)).
20
-22 - (-19 + (19 + -41 - -5))
14
Evaluate (8 - 3 - 5 - 1) + -29 + 15.
-15
Evaluate -5 + (0 - -14) + -20 + 31.
20
What is the value of -4692 + 4683 + (-1 + -23 - 1 - 0)?
-34
What is the value of 7 + (-10 - 0) + (157 - 58) + -51?
45
102 - (13 + -82 + 218)
-47
What is -213 + (434 - 230) + (-2 - 0 - -35)?
24
Calculate 9 - (50 + (-4 - 9)) - (-15 - -9 - -9).
-31
Calculate -49 - (150 + -104) - -89.
-6
What is the value of (9 - 6) + -20 - (-8 - (7 - 3))?
-5
Calculate 0 + -15 + (66 - (-20 + -5 + -44)).
120
(-21 + 35 - 22) + (6 - 5) + -7
-14
-31 - 0 - (1 + 38 + 257 + -280)
-47
What is 9 + (6 - -4) + -14 + (6 - (-43 - -8))?
46
279 - 163 - 115 - (0 + 21)
-20
Calculate 42 + (-35 - 9) - 21.
-23
Calculate -6 + 14 + (-6 - -22) + 46.
70
What is (14 - -3) + -74 + 2 + (-255 - -235)?
-75
Evaluate -79 + (1 - 12 - (-9 - (-12 + -22 + 50))).
-65
What is -48 - (-55 - -62 - 11)?
-44
What is the value of (-13 - -5) + -6 + 44 + -46 - 1?
-17
What is the value of 2 + -10 - (121 + 4 - 100)?
-33
What is the value of 5 - (24 + -2) - (-36 - -22)?
-3
What is the value of 49 - 38 - -4 - -16?
31
Evaluate -6 + (-35 - 11) - (2 + -24).
-30
12 + (-7 - (-4 + (-3 - -15)))
-3
(6 - 3) + -20 + -11 + 23 + (4 - 6)
-7
-107 + 112 + -59 + 106
52
Calculate 12 - (5 - ((-6 - -1) + 5 + 7)).
14
What is -299 + 126 + 178 + 0 + 11?
16
-66 - (6 - (39 + -33))
-66
(-2 + -2 + 2 - 5) + (10 - 27 - -15)
-9
-2 - -20 - (-2 + -6 + 1 + 9)
16
(8 - -11 - (60 + -20)) + 96
75
-15 + -56 + (-16 + 13 - -2)
-72
13 + (6 - (6 + 1 - 7 - 6)) + 6
31
Calculate (5 - (0 + -1)) + 2 + -14062 + 13965 - -5.
-84
What is the value of 71 - ((-15 - -12) + (6 + -6 - 14))?
88
-27 + (69 + -87 - (1 + -6 + -5))
-35
What is 0 + -56 + (30 - -25) + -37?
-38
Calculate -71 + 20 - -21 - -19 - (9 - (1 + 3)).
-16
Evaluate -229 + 161 + (-6 - -17).
-57
Calculate -60 + (25 - (37 + -26) - (-2 + 12)) + 7.
-49
What is 8 - (20 - (-9 - (12 - 19)))?
-14
What is the value of 155 + (-58 - (-21 + 66))?
52
What is the value of (91 - 58) + (-14 + 33 - -13)?
65
What is the value of (-1 - -2) + 1 + 10 + (169 - 150)?
31
What is (80 + -223 - -127) + (0 - 24)?
-40
-23 + 33 + 1 + -14
-3
(-5 - (-6 - -22 - (-5 + 14))) + 41
29
(70 - 62) + -67 + 209
150
Evaluate (113 - 104) + (1 - 22) + 23 + -17.
-6
Evaluate -7 - ((-40 - -32) + (-6 - 6)).
13
(2 - 6) + (54 - 28 - 62)
-40
Calculate (11 - 38 - -77) + -36.
14
What is the value of 2 + (-3 - -2) + 35 + -8 + -26?
2
-44 + 34 + (4 - 10) - 12
-28
Calculate -6 - (-50 + 3 + 23) - 62.
-44
(-3 - 1) + (-13 - -3) + 7 - (-2 - 11)
6
Evaluate 7 + (63 - (30 - -52)).
-12
What is (3 - (16 + (14 - (11 + 0)))) + 31?
15
Evaluate -4 + (-32 - -26) + -24 - -25.
-9
What is the value of 1667 - 1709 - (38 + 0)?
-80
What is the value of 2 - (40 + (-3 + -15 + 15 - (1 - 4)))?
-38
Calculate (-18 - (36 - 67)) + (-14 - -6) + 34 + 2.
41
Calculate 37 - (18 + -90) - 66.
43
Evaluate -1 + 57 - ((-14 - -11) + 21).
38
What is (-65 - -17 - -58) + (0 - 0) + -12?
-2
Calculate (-1 - -57) + -71 + 245 + -200.
30
Evaluate (154 - 115 - 29) + (-31 - 0).
-21
What is 8 - (56 - (33 - -49))?
34
What is the value of -125 + 52 + -5 - -28?
-50
What is -10 + (-12 - -4) + 8 + 4 + 1 + -6?
-11
(-1 - 2) + (-1606 - -1653)
44
What is the value of (99 - 142) + (4 + -6 + 8 + -12 - 3)?
-52
Evaluate -3 + -104 + -53 + 15 + (15 - -3).
-127
Evaluate (3 - (0 - -3)) + 70 + -80 + -16.
-26
What is the value of -9 + -4 + (1 + 17 + 0 - (344 + -335))?
-4
Calculate -20 + 4 + (17 - 10) - 0 - (-89 + 0).
80
Calculate 3 + (-14 - (-85 + 109)).
-35
Evaluate (16 - 2) + 17 + 2.
33
-79 - -38 - (6 - (4 + (-5 - -8)))
-40
What is the value of 9 - (-50 + 26 - -31) - 14?
-12
What is -15 + -43 + 36 + 24 + -5?
-3
What is the value of 87 - (31 + -63 + 64)?
55
What is 34 - (2 + 7 - (-24 - (-20 - 1)))?
22
What is 0 + 83 + 10 + -86 + -128 + 0?
-121
Evaluate 384 + -349 - (112 + (14 - 21)).
-70
What is the value of (11 - (3 - 0) - (246 - 243)) + -54?
-49
What is -20 + 7 + (-12 + 16 - (55 + -11))?
-53
-77 + -20 - -83 - (35 - 2)
-47
Calculate -17 + 30 + -13 + 41 + -4 + 3 - -6.
46
Evaluate 25 - (-55 - -81) - ((3 - (80 - 3)) + -1).
74
46 - (-9 + 8 - -57)
-10
Calculate 14 + -2 - (82 - 219 - -225).
-76
What is (-27 - -4 - (-16 - 23)) + 70?
86
Evaluate -75 - (-44 - 56) - 30.
-5
What is the value of -6 - (-17 + 6 - 9)?
14
What is the value of -124 + (25 - -38) + -28?
-89
-16 - 12 - ((17 - 6 - 10) + 14)
-43
Evaluate 103 - (-8 - (-11 + -26 + 14)) - 8 - -6.
86
What is 20 + -22 + (-9 - 8) + 42?
23
(-18 - -21 - -19) + -21 + 19
20
4 + -25 + (12 - (-8 + 5) - 13)
-19
What is (1 - 18) + (21 - (10 - (-8 - -6))) + 41?
33
What is 19 - (398 - 392 - (0 - 16))?
-3
Evaluate -5 + 0 + (-4 - 14) - 13.
-36
What is (-12364 - -12371) + 0 + -87?
-80
Evaluate -12 - (-5 + 19) - (-21 - -8 - -10).
-23
Calculate 3 + 30 + -11 + -15 + (8 - 86).
-71
What is (-14 - -1) + -19 - 3?
-35
Calculate 1 + (-11 - -11) + -6 - (85 - 4) - -5.
-81
What is (11 + -4 - (5 + (-6 - -2 - 6))) + 0?
12
What is the value of 5 + -56 + 6 - 24 - -28?
-41
(-356 - -371) + (-10 + 5 - -10)
20
3438 - 3483 - (14 + 2 + 0)
-61
Evaluate -114 + (-49 - -148) - (0 + 1 + -16).
0
Calculate -68 + -36 + 30 + 25.
-49
What is (-192 - (-136 + -51)) + (0 + -14 - -2)?
-17
What is 12 + -7 + 2 + 31 + -10 + -9?
19
Evaluate -56 + -1 + -1 + 0 + 11418 + -11416.
-56
What is the value of (-71163 - -71202) + 10 + (0 - -1)?
50
What is the value of (-43 - -1) + -2299 + 2364?
23
Calculate (38 - -3) + -23 - 49.
-31
What is the value of (6 - (-6 + -10)) + 1?
23
Calculate 41 + -31 + -7 + 7 + -9 + (-54 - -10).
-43
18 - ((4 - -1) + -1 - (-816 + 812))
10
What is the value of -1 + -47 + 36 + (39 - (26 - -54))?
-53
Evaluate -52 - (-3 + (-1 - -10) + -8).
-50
Evaluate -96 + 13 + (-1 - (-3 - (-20 + 2) - 4)).
-95
Evaluate 2 + -7 + -10 - (32 - (6 - (12 - 14))).
-39
Evaluate -1 - 3 - (-1 - (-17 - -28) - -41).
-33
Evaluate 4 - (1 + 15 + -26 + (-2 - 7)).
23
Evaluate 2 + -1 - ((-19 - (-45 - 27)) + -20).
-32
What is the value of -91 - (18 + -121) - 69?
-57
Calculate 59 + (-6 - 90) + 32.
-5
-15 + -1 - (-75 - (27 - 18))
68
What is (-1 - (7 - 0)) + (-576 - -577)?
-7
What is 6 - ((8 - 2) + 0 + -71 + (4 - -70))?
-3
Calculate 7 + -18 + (1 - -